se
Let m(a) = a**2 + 9*a - 14. Let z be m(-11). Suppose 5*f = f + z. Is f a prime number?
True
Is ((-18)/(-27))/((-4)/(-762)) a composite number?
False
Suppose 168 - 653 = -z. Let d(t) = 4*t**3 - 3*t**2 + t - 1. Let p be d(3). Suppose 2*f - z = -p. Is f a composite number?
True
Suppose 3*s + 2640 = 7*s. Let g = s - 281. Is g prime?
True
Let a = -2 + 9. Is a a composite number?
False
Let d be 20/(-3)*(-18)/(-15). Is (4/d)/((-2)/764) a composite number?
False
Let x(s) = -57*s - 44. Is x(-6) prime?
False
Suppose -3*n + 13 = -2. Suppose n*d - 7*u - 275 = -2*u, 3*d - 183 = -3*u. Is d prime?
False
Let r(g) = g**3 + 6*g**2 + 4*g - 4. Let a be r(-4). Is (a/8)/1*10 a prime number?
False
Suppose 9 = 2*y - 7. Is 2/y + 1496/32 a composite number?
False
Let j be (-3 + 250)*-1 + 0. Let o = -173 - j. Is o a composite number?
True
Let c(d) = -21 + 11 - 8 + 7*d. Is c(11) a composite number?
False
Let n = -54 - -100. Suppose 2*k + 4*p - 282 = 0, 3*p + 115 + n = k. Is k composite?
False
Is -1*((-5578 - 0) + (-15)/5) prime?
True
Let t = 6 + -8. Let u = 1 + 0. Is (u - 0)*(15 + t) a composite number?
False
Is (1099/14)/(-2*2/(-104)) a composite number?
True
Let q(s) = -2*s**2 - s - 1. Let c be q(-1). Let d = c + 2. Suppose r = 4*x - 448, d = 2*r - 1 - 7. Is x a composite number?
False
Let a(n) = -190*n - 5. Is a(-1) prime?
False
Let d = 581 + -333. Suppose -p + 5*p = d. Is p composite?
True
Let t(f) = 16 - 2 - 46*f + 11*f - 4. Let i be t(-7). Suppose 4*r - 2*x = 228, 6*r + 5*x = r + i. Is r composite?
True
Let i = 8494 - 2351. Is i composite?
False
Suppose 3*r - 11515 = 4*n, r + 2*n - 1723 = 2122. Is r a prime number?
False
Let n be -24*4*2/(-1). Let j = n - -13. Is j prime?
False
Let a(b) = 5*b**3 + 8*b**2 - 2*b - 1015. Let n(y) = 2*y**3 + 3*y**2 - y - 338. Let m(t) = -3*a(t) + 8*n(t). Is m(0) composite?
True
Suppose -5*g = -445 - 190. Is g a prime number?
True
Let p be 4/(-14) - (-92)/28. Let v be 0/p*-1 - -7. Let r(z) = 12*z + 5. Is r(v) a composite number?
False
Suppose -3*q - 58 - 95 = 0. Is (q/2)/(1/(-2)) a prime number?
False
Let y be ((-3)/(-6) + -2)*-6. Suppose -4*k + 5*l = -232, k + 5*l = y + 24. Is k composite?
False
Suppose 3*a + 0*z = -3*z - 6, 0 = 4*a - 5*z - 1. Let p(j) = 64*j + 2. Let v(r) = -64*r - 3. Let q(h) = -4*p(h) - 3*v(h). Is q(a) composite?
True
Let i(s) = -s**2 + 3*s. Let t(u) = 2*u - 1. Let x be t(2). Let k be i(x). Suppose k = -3*j - 4*c + 49, j + 3*c = -3*j + 56. Is j composite?
False
Suppose 1830 = 10*s - 0*s. Is s a prime number?
False
Let q = -3127 + 5732. Is q prime?
False
Let q(f) = -f**2 + 4*f + 2. Let y be q(5). Let k be (-2 - y)/(3/165). Suppose 4*r - 285 = k. Is r prime?
False
Let d be ((-2)/5)/((-2)/70). Let j be 46/14 + (-4)/d. Suppose -5*n + 22 = -j*i - i, 15 = 3*n - 3*i. Is n a composite number?
False
Let m be 1/(-2*(-1)/110). Suppose 3*l - 4*l + m = 0. Is l a composite number?
True
Let v(d) = -d**2 + d - 6. Let r be v(0). Let k be -3*r/(-9) - -9. Let b(x) = 7*x - 10. Is b(k) a composite number?
True
Suppose q = -2*q + 15. Suppose -a - 2*w + 0 + 1 = 0, 0 = -2*a + 3*w + 9. Suppose a*n - 3*u = 173 + 79, -3*u = -q*n + 422. Is n composite?
True
Suppose 168 = 5*h - 177. Is h a composite number?
True
Let z = 1461 - 554. Is z composite?
False
Let l(m) = 4*m**2 + 2*m. Let y be l(2). Suppose 0*f - y = -4*f. Suppose -7*j + 3*j - f*r + 105 = 0, -5*j = -4*r - 121. Is j prime?
False
Let b = -352 + 502. Suppose -2*p + 4*t = 2*p - 252, -2*p - 4*t + b = 0. Is p prime?
True
Let u(k) = -k**2 + 5*k - 3. Let n be u(2). Suppose n*t - 109 + 502 = 3*b, 3*t - 115 = -b. Is b a prime number?
True
Let l = -74 + 176. Is (1/(-3))/((-1)/l) a prime number?
False
Let z be 1 - (3 - 0)/(-3). Suppose -f + 11 = g, -z*g - 13 = -6*f + 3*f. Is f a prime number?
True
Suppose 0 = 4*l - 4, -5*u - 27 = -0*u - 2*l. Let x(c) = 36*c**2 + 3*c + 6. Let o be x(u). Is 1/(o/(-447) - -2) composite?
False
Let o(m) = 12*m**2 - 5*m - 7. Let n = 4 + -9. Let l be o(n). Is (2/3)/(4/l) a prime number?
True
Suppose -4*k + 8*k = 44. Is k a composite number?
False
Let b(m) = 7*m**2 - 1. Let s be b(-1). Let r = s - -36. Suppose 4*h + r = 118. Is h composite?
False
Suppose -z + 44 + 128 = 4*s, 0 = 2*z + 4*s - 348. Let v(i) = i**3 + 3*i**2 - 9*i + 10. Let k be v(-7). Let a = z + k. Is a a prime number?
True
Suppose -4 = -c, 3*y + 2*c - 7 - 13 = 0. Suppose y*a - 6 = 6. Suppose a*k + 45 - 222 = 0. Is k a prime number?
True
Let j be (1 - 1)*1/1. Suppose 4*w = -j*w + 16. Suppose 23 = w*a - 109. Is a prime?
False
Suppose 0 = -2*k - 5 + 1. Suppose 0 = -2*x + 5*o + 12, 5*x = -2*o - 0*o + 1. Is (k/(-4))/(x/118) a prime number?
True
Let k(f) = f**2 + f - 4. Let p be k(0). Let v = p + 18. Suppose -5*o = -4*c + v - 1, o = -1. Is c a composite number?
False
Suppose 0 = 5*f + 15, -4*x - 3*f = 2*f - 301. Is (1 + 0 - 1) + x composite?
False
Let s(d) be the third derivative of 3*d**5/5 - d**4/24 - 3*d**2. Is s(-1) prime?
True
Is (8/4 - 1)*67 composite?
False
Let z(k) be the first derivative of k**4/8 - k**3/2 + 3*k**2/2 + 1. Let c(a) be the second derivative of z(a). Is c(6) a prime number?
False
Let d be -2 - (-249 + 1 - 1). Let r = -314 + 208. Let a = r + d. Is a a prime number?
False
Suppose -1450 = -4*o - 5*h, -4*o - 3*h = -0*h - 1454. Is o composite?
True
Suppose 0 = 2*j - 33 + 25. Is j a prime number?
False
Suppose 2*k - 1317 = -k. Is k prime?
True
Let q be ((-3)/(-2))/((-6)/40). Let u = -5 - q. Let a = u - 2. Is a a prime number?
True
Is (-11494)/(-35) - (-3)/5 a composite number?
True
Let a(r) = -2*r + r**2 + 78*r**3 + 5 - 2 - 2 + r**2. Is a(1) a prime number?
True
Let x(z) = 4*z**2 - z. Let t be x(1). Is 33*(-3 - (t + -7)) a prime number?
False
Suppose -3*y = -149 - 502. Is y a prime number?
False
Is (-988)/((-8)/2) - -4 a prime number?
True
Let k(d) = d**3 - 2*d + 3. Suppose -4 = 4*b + 4. Let w = 0 - b. Is k(w) composite?
False
Let j be (1 - -5) + 2 + 1. Let k be (-554)/(-6) - 3/j. Suppose -3*x = -k - 13. Is x prime?
False
Let a be -3 - 4/(-2) - 216. Let w = a - -428. Is w a composite number?
False
Suppose 2*b = -2, -4*t + 2*b = -3*b - 5. Suppose -2*f + 30 = -t*f. Is f prime?
False
Let k(i) = 610*i + 11. Is k(2) composite?
False
Suppose 3*s - 14 = 4. Is ((-2)/(-3))/(s/711) a prime number?
True
Let l(g) = 37*g + 6. Is l(5) composite?
False
Let c(y) = y + 3. Let r = 13 - 8. Let t be r/(10/4) + 1. Is c(t) a composite number?
True
Is 2/(2630/(-878) + 3) composite?
False
Is (-5 + 2)*348/(-18) composite?
True
Let y be 4/2 - 0 - -2. Let s = 74 - y. Suppose -s = -4*c - c. Is c prime?
False
Let u be (3*(-3 + 4))/1. Suppose -2*q = 0, -4*m + 2*q - u*q - 128 = 0. Let r = m - -55. Is r a composite number?
False
Is 82 - 1*(2 + -5) prime?
False
Suppose 1010 = 2*u - 1864. Is u a composite number?
True
Suppose r = -0*r + 99. Suppose 0*t = 3*t - r. Is t a prime number?
False
Suppose -2*b + 0 = -6. Suppose -3*c - b*r = -11 - 253, 3*c - 243 = 4*r. Is c a prime number?
False
Suppose -h - 1496 = -4*h - j, -3*j = -h + 482. Is h a prime number?
False
Let m(d) = -507*d + 7. Let p(l) be the first derivative of 127*l**2 - 3*l - 2. Let r(t) = -4*m(t) - 9*p(t). Is r(-1) a prime number?
True
Suppose 3*y + y = -2*l + 12898, 2*y - 2*l - 6464 = 0. Is y a prime number?
False
Let g(l) = 109*l + 1. Is g(4) prime?
False
Let j(v) = v**3 + 4*v**2 + 3. Let a be j(-4). Suppose 3*h + 3*p + 35 = 4*h, -a*h = 3*p - 153. Is h a prime number?
True
Let v be (0 + (-106)/4)*-2. Let j be 2/(-2*1/34). Let s = v + j. Is s a composite number?
False
Let t(b) = -2*b**2 + 10*b - 2. Let i be t(4). Let a(y) = 24*y + 1. Is a(i) prime?
False
Suppose -4*y = 3*n - 8*n + 725, -3*y = -5*n + 725. Is n a composite number?
True
Let m(j) = 5*j**2 - j - 6. Let a be m(7). Is (-10)/25 + a/5 a prime number?
False
Let t(u) = 15*u**3 - 11*u**2 - 13*u + 6. Let b(i) = -7*i**3 + 5*i**2 + 6*i - 3. Let z(q) = -9*b(q) - 4*t(q). Is z(2) a prime number?
True
Suppose -t = -2*t + 6. Suppose -t*x - 295 = -x. Let i = x + 105. Is i prime?
False
Let w(k) = -3*k. Is w(-17) a composite number?
True
Suppose 4*p - 2159 = 3*g, p + 5*g = -0*g + 557. Is p composite?
True
Suppose 0 = -v - 3, -4*b + v = -2*v - 1. Is b/(-4) + 665/10 composite?
False
Let c = 333 + -214. Is c a composite number?
True
Let s(n) = 1 - 5*n - 5*n - 8*n + 6. Is s(-7) prime?
False
Suppose 2*f = 3*f + 4*s + 15, 